Is 27505 a composite number?
True
Is 3419 composite?
True
Is 208739 composite?
False
Is 1649 composite?
True
Is 3947 prime?
True
Is 1831 prime?
True
Is 16333 a composite number?
False
Is 180211 composite?
False
Is 1577707 composite?
True
Is 24359 a composite number?
False
Is 4170911 composite?
False
Is 347899 a prime number?
True
Is 15338 composite?
True
Is 56759 a prime number?
False
Is 7541 prime?
True
Is 9221 a prime number?
True
Is 158657 composite?
False
Is 85713 a prime number?
False
Is 1696493 a composite number?
False
Is 1935686 a composite number?
True
Is 386459 a composite number?
True
Is 1274533 prime?
False
Is 33141 a prime number?
False
Is 88073 a prime number?
False
Is 4373 prime?
True
Is 13136965 composite?
True
Is 5041 a prime number?
False
Is 4502 a composite number?
True
Is 1114 a composite number?
True
Is 45007 a prime number?
True
Is 578857 a prime number?
True
Is 22757 a prime number?
False
Is 191837 prime?
True
Is 1193 a prime number?
True
Is 1113995 a composite number?
True
Is 520787 a composite number?
False
Is 811311 a composite number?
True
Is 294607 a prime number?
False
Is 22171 a prime number?
True
Is 20813 a composite number?
True
Is 16574 a prime number?
False
Is 1228567 composite?
False
Is 145577 a prime number?
True
Is 3847 a composite number?
False
Is 298841 composite?
False
Is 238133 prime?
False
Is 1193 prime?
True
Is 7234 a composite number?
True
Is 266401 prime?
True
Is 6145 a composite number?
True
Is 2103 prime?
False
Is 5603 prime?
False
Is 14566 a prime number?
False
Is 1563 composite?
True
Is 407 composite?
True
Is 2591 prime?
True
Is 2309 prime?
True
Is 818731 a composite number?
True
Is 43049 a composite number?
False
Is 39826 a composite number?
True
Is 3491 composite?
False
Is 134639 composite?
False
Is 4703519 a prime number?
True
Is 6389 composite?
False
Is 3491 a prime number?
True
Is 726911 a prime number?
True
Is 581941 a prime number?
True
Is 561149 prime?
False
Is 11631 a prime number?
False
Is 39209 a composite number?
False
Is 56197 prime?
True
Is 353069 prime?
True
Is 332687 a prime number?
True
Is 199337 composite?
False
Is 23 a prime number?
True
Is 158443 composite?
False
Is 865471 a prime number?
False
Is 192229 a prime number?
True
Is 17159 a composite number?
False
Is 412333 composite?
False
Is 28909 composite?
False
Is 513257 a composite number?
False
Is 53681 prime?
True
Is 30307 a prime number?
True
Is 221707 prime?
True
Is 1525819 composite?
False
Is 403889 a composite number?
False
Is 4435 prime?
False
Is 557423 composite?
False
Is 141779 a composite number?
True
Is 677 a composite number?
False
Is 3595 a composite number?
True
Is 1709 prime?
True
Is 1319 a composite number?
False
Is 10441 a prime number?
False
Is 2101 a prime number?
False
Is 4153 a composite number?
False
Is 8126593 a prime number?
True
Is 22745 a composite number?
True
Is 342949 prime?
True
Is 219782 composite?
True
Is 139583 a composite number?
True
Is 29663 composite?
False
Is 15659 prime?
False
Is 7543 a prime number?
False
Is 674 prime?
False
Is 130319 composite?
True
Is 381467 prime?
True
Is 36817 prime?
False
Is 12323 prime?
True
Is 9047 a prime number?
False
Is 89333 a composite number?
True
Is 224803 a prime number?
False
Is 1961 composite?
True
Is 3791 prime?
False
Is 55582 composite?
True
Is 36503 composite?
True
Is 8083 a composite number?
True
Is 249143 a prime number?
True
Is 459731 prime?
False
Is 17455 prime?
False
Is 38741 composite?
True
Is 3203 composite?
False
Is 15779 prime?
False
Is 7717 composite?
False
Is 3071 composite?
True
Is 631 composite?
False
Is 34057 composite?
False
Is 230849 a composite number?
False
Is 2121569 a composite number?
False
Is 4201 a prime number?
True
Is 5471 prime?
True
Is 47935 composite?
True
Is 48835 composite?
True
Is 205043 a prime number?
True
Is 45251 composite?
True
Is 17657 prime?
True
Is 28429 a prime number?
True
Is 13859 a composite number?
False
Is 14029 a composite number?
False
Is 53285 a composite number?
True
Is 11181 composite?
True
Is 234361 prime?
True
Is 182581 prime?
False
Is 321557 a prime number?
False
Is 12953 composite?
False
Is 386521 a composite number?
False
Is 4559 a composite number?
True
Is 108469 composite?
True
Is 2726223 a composite number?
True
Is 4079 a prime number?
True
Is 398873 prime?
False
Is 78609 composite?
True
Is 1067 prime?
False
Is 1027 a prime number?
False
Is 484937 a prime number?
False
Is 319537 a composite number?
True
Is 11393 a composite number?
False
Is 5663 composite?
True
Is 3914999 a prime number?
False
Is 395803 a composite number?
False
Is 382427 prime?
True
Is 1056089 a composite number?
False
Is 26417 a prime number?
True
Is 43441 a prime number?
True
Is 6007 composite?
False
Is 114269 a prime number?
True
Is 152333 prime?
False
Is 42191 a composite number?
True
Is 1073 composite?
True
Is 161693 composite?
True
Is 43391 prime?
True
Is 5228081 a prime number?
True
Is 1639 a composite number?
True
Is 32491 a prime number?
True
Is 35491 a composite number?
False
Is 29663 prime?
True
Is 32203 a composite number?
False
Is 82967 a prime number?
False
Is 128509 a composite number?
False
Is 779489 prime?
True
Is 137909 composite?
False
Is 54521 prime?
True
Is 253247 prime?
True
Is 198377 prime?
True
Is 120809 prime?
False
Is 37187 prime?
False
Is 28019 prime?
True
Is 338803 a composite number?
False
Is 13403 a composite number?
True
Is 2327 prime?
False
Is 155069 prime?
True
Is 5873 prime?
False
Is 197719 prime?
False
Is 13801 prime?
False
Is 29473 prime?
True
Is 7211 prime?
True
Is 2153 a prime number?
True
Is 22207 prime?
False
Is 66611 a prime number?
False
Is 25891 a prime number?
False
Is 3527 a prime number?
True
Is 701 prime?
True
Is 3841 composite?
True
Is 57917 prime?
True
Is 162637 a composite number?
True
Is 150119 composite?
True
Is 1009 prime?
True
Is 238267 a composite number?
False
Is 667417 composite?
False
Is 33851 a prime number?
True
Is 13367 composite?
False
Is 25901 prime?
False
Is 1747 a composite number?
False
Is 168395 prime?
False
Is 1113173 a prime number?
True
Is 10943 prime?
False
Is 2173 prime?
False
Is 166241 composite?
True
Is 10243 prime?
True
Is 2147 prime?
False
Is 3225185 a prime number?
False
Is 35941 a prime number?
False
Is 19489 a prime number?
True
Is 160141 a prime number?
True
Is 678683 a composite number?
True
Is 235849 a composite number?
False
Is 15259 a prime number?
True
Is 13327 a prime number?
True
Is 12085 a prime number?
False
Is 30293 composite?
False
Is 79301 prime?
True
Is 550111 a prime number?
True
Is 58477 prime?
True
Is 184703 a prime number?
True
Is 22189 composite?
False
Is 2443583 composite?
False
Is 55381 prime?
True
Is 91167 composite?
True
Is 216541 a composite number?
True
Is 6803 a composite number?
False
Is 68399 prime?
True
Is 11723 composite?
True
Is 9383 prime?
False
Is 10249 a composite number?
True
Is 30577 a prime number?
True
Is 335771 a composite number?
False
Is 30111 composite?
True
Is 673 a composite number?
False
Is 12623 prime?
False
Is 7369 composite?
False
Is 10973 prime?
True
Is 1399043 prime?
False
Is 423967 a composite number?
True
Is 907 prime?
True
Is 1254151 a prime number?
True
Is 7817 a composite number?
False
Is 798799 a composite number?
False
Is 115499 prime?
True
Is 11555 a prime number?
False
Is 95531 prime?
True
Is 1858 a composite number?
True
Is 15527 a composite number?
False
Is 6031 prime?
False
Is 123631 composite?
False
Is 258787 a composite number?
False
Is 9073 a prime number?
False
Is 13901 a prime number?
True
Is 13553 a composite number?
False
Is 11957 a prime number?
False
Is 141739 a composite number?
True
Is 24239 composite?
False
Is 1183199 a prime number?
True
Is 17401 composite?
False
Is 3271 a prime number?
True
Is 15783 prime?
False
Is 9983 prime?
False
Is 1748587 a prime number?
True
Is 87083 prime?
True
Is 403931 prime?
False
Is 3137 prime?
True
Is 7639 a composite number?
False
Is 30671 composite?
False
Is 3837 prime?
False
Is 9055 a prime number?
False
Is 314513 a composite number?
False
Is 11678 a composite number?
True
Is 100973 a prime number?
False
Is 89209 a prime number?
True
Is 35273 prime?
False
Is 9467 a composite number?
False
Is 572613 a prime number?
False
Is 2473613 a pri